 factors of g?
2, 3
List the prime factors of (-6)/10 - 4578/(-30).
2, 19
Let n be (-3)/(0 + 3/(-3)). Suppose 11 = -2*x + n*c, x + 23 = c + 4*c. List the prime factors of (-1)/x - (-175)/14.
2, 3
Suppose 6 = 4*p - 10. Suppose -p*k + 2 = 2*h, -2*k - 2*h = -k - 2. Suppose -2*i + 4*s + 12 = k, 24 = i + 2*i - 4*s. What are the prime factors of i?
2, 3
Let s = -140 - -310. List the prime factors of s.
2, 5, 17
Let u(g) = -11*g**3 - g**2 + 2*g. Let q be u(2). What are the prime factors of q/(-9) - (-4)/18?
2, 5
What are the prime factors of (-1 + (-4)/(-2))*205?
5, 41
Suppose -3*i = -4*c - 4*i + 235, -12 = -4*i. What are the prime factors of c?
2, 29
Let n be -2 - ((-2)/1 - 35). Suppose 0*j + 5*h - n = -5*j, 4*h = 2*j - 8. What are the prime factors of j?
2, 3
Suppose 4*d - 5*d = -117. Suppose -4*p = -2*p - 3*g - d, 4*p + 3*g = 225. List the prime factors of p.
3, 19
Let g(m) = 4*m**2 - 2*m. Let f be g(-6). Suppose -4*w = -3*n - 117 - 22, f = -4*n - 2*w. Let r = -28 - n. What are the prime factors of r?
13
Let a(m) = -m**2 - 8*m - 5. Let o(l) = -l**2 - 7*l - 5. Let w(d) = 6*a(d) - 7*o(d). Let j = -1 + 1. List the prime factors of w(j).
5
Let v = -40 - -23. Let o = 37 + v. What are the prime factors of o?
2, 5
Let b(h) = 41*h - 18. List the prime factors of b(5).
11, 17
Suppose 42 = 3*k + 2*d, 6*d - d = 15. List the prime factors of k.
2, 3
Let t = 6 + -5. List the prime factors of 1*-17*(0 - t).
17
Let f = 174 + -102. List the prime factors of f.
2, 3
Let b(k) = -k**2 - 11*k - 10. What are the prime factors of b(-9)?
2
Let z be (1/2)/(10/(-240)). Let m = -1 - z. What are the prime factors of m?
11
Suppose -3*x - 124 = -7*x. What are the prime factors of x?
31
Suppose -2*u = 0, 0 = 4*m - 3*m + 4*u + 7. Let f = m - -5. Let y = 11 + f. What are the prime factors of y?
3
Let v(t) = t - 15. Let d be v(0). Let g = -9 - d. List the prime factors of g.
2, 3
Let d = -56 - -81. What are the prime factors of d?
5
Let v = 38 - 26. Suppose -3*r = -r - v. List the prime factors of r.
2, 3
Let d(i) be the first derivative of -i**3/3 - 8*i**2 - 8*i - 3. List the prime factors of d(-11).
47
Let k(g) = -g - 11. Let h be k(-8). Let l be 4*h/4*-3. Suppose 4*p - 5*p + l = 0. List the prime factors of p.
3
Let q be 18/(-1 - 5/(-2)). Let l = 23 - q. List the prime factors of l.
11
Let v = -14 + 15. List the prime factors of (3/v + -34)/(-1).
31
Suppose 0 = k - x + 39, k + 5*x - 19 = -88. What are the prime factors of (k - 2)/(-2) - 2?
3, 7
Suppose n = 5*t - 41, 3*t - 2*n = n + 15. Let o(b) = -b**2 + 10*b + 1. List the prime factors of o(t).
2, 5
Let q(w) = -63*w - 3. What are the prime factors of q(-4)?
3, 83
Let x(c) = -c**3 - 4*c**2 - 6*c + 11. List the prime factors of x(-7).
2, 5
Let s = -307 - -460. Suppose s - 1 = 4*o. What are the prime factors of o?
2, 19
Let f(h) = -h - 2. Let t be f(-7). Suppose 0 = -t*j + 20, 3*o - 5*j + 35 = 4*o. Suppose -l - 4 = -o. List the prime factors of l.
11
Suppose 0*b = -2*b - 12. Let f(z) = -2*z - 9. Let y be f(b). Suppose 3*m - y*i + 27 = 8*m, -5*m = 5*i - 25. What are the prime factors of m?
2, 3
Let s = -6 - -10. Let k be 1/s + (-28)/(-16). Suppose -5*t = -n + 47, -5*n + 76 = -2*n - k*t. List the prime factors of n.
2, 11
Suppose j = -j - 2. Let k be 2*26/4*j. Let t = 0 - k. What are the prime factors of t?
13
Let s(a) = -2 + 1 + a + 0. List the prime factors of s(6).
5
Suppose 4*z = 3*m + 53, 56 = -4*m + 3*z - 5*z. Let q be m/(-3) - (1 - 2). Suppose -3*g + q*g = 12. List the prime factors of g.
2
Suppose -5*h = 2*g - 14, 0 = -g - 3*h + 6*h - 4. Let f(j) = -4*j - 1. Let t be f(-3). Suppose q = 2*p - 32, -p + 5*q + t = g*q. What are the prime factors of p?
17
Let d(p) = -2*p**3 - p**2 + p + 1. Let j be d(2). Let s = j + 26. List the prime factors of s.
3
List the prime factors of 63 - (-3 - 1 - -8).
59
Suppose 2*z + v + v + 6 = 0, -3*z + 2*v - 14 = 0. Let d be -2*(0 - (-6)/z). Suppose -17 = -d*m - 2. What are the prime factors of m?
5
Let k(a) = 6*a**3 - 4*a**2 + 2*a. Let j be k(2). Let d = 70 - j. Suppose -5*t = 3*l - d, 2*t + 3*t + 5*l - 30 = 0. List the prime factors of t.
2
Let l = -283 + 537. What are the prime factors of l?
2, 127
Let d = -6 + 18. List the prime factors of (-3)/(-2)*d/9.
2
Let h = 207 - 148. Suppose 2*w + 4*f = 44, -3*w - 13 = 2*f - h. Let k = w + 6. List the prime factors of k.
2, 3
Let u(j) = 2*j**2 - 4*j + 3. Let a be u(2). Suppose 0 = -4*y + 17 + a. Suppose -i - 32 = -y*i. What are the prime factors of i?
2
Suppose -2*u = -4*u + 116. Let x = -40 + u. What are the prime factors of x?
2, 3
Let u be 0 - 0/3 - -4. Suppose u*v - v = 5*c + 12, -3*v + 12 = -4*c. Suppose l = v*k - k, -4*k = -3*l + 15. What are the prime factors of l?
3
Let w(u) = u**3 - 2*u**2 - 1. Let b be w(2). Let o be (3 + -2)*(1 + b). Suppose o = 3*i + 21 - 57. What are the prime factors of i?
2, 3
Let n(t) = t**3 - 3*t**2 - 8*t + 7. List the prime factors of n(5).
17
Let u = 19 - 23. Let f be ((-16)/10)/(2/(-10)). List the prime factors of (22/f)/((-1)/u).
11
Suppose 0 = 2*a - 5*a + 12. Let d(i) = -4*i + a*i - i. What are the prime factors of d(-4)?
2
What are the prime factors of ((-245)/(-20))/((-2)/(-8))?
7
Suppose -14 = 3*l + 16. What are the prime factors of l/3*(-15)/5?
2, 5
Let d(g) = 39*g**3 - g**2 + g - 1. Let f(a) = a**3 + 5*a**2 - 5*a + 7. Let t be f(-6). Let h be d(t). Suppose i - h = -i. What are the prime factors of i?
19
Suppose 0 = -2*n + 1 + 19. Suppose n = -5*f + 7*f. Suppose 2*i = -3*c + 35, c = -2*i - 2*i - f. List the prime factors of c.
3, 5
Suppose 43 = 3*v - 32. List the prime factors of (-129)/(-15) - (-10)/v.
3
Suppose 2*c = 7*c - 35. What are the prime factors of c?
7
Let q(o) = -o**3 + 6*o**2 - 7*o + 6. Let y be q(4). Let l be (20/(-6))/((-4)/(-6)). Let x = y + l. List the prime factors of x.
5
Let i be 11*(2 - (-3)/(-1)). Let h be -1*((-4)/(-2) - 0). List the prime factors of (i/2)/(1/h).
11
Let x(j) = 96*j**3 + 11*j**2 - 5*j. Let w(p) = -19*p**3 - 2*p**2 + p. Let r(b) = -11*w(b) - 2*x(b). Let h = 0 - -1. List the prime factors of r(h).
2
Let y = 107 + 18. List the prime factors of y.
5
Suppose 3*r - 136 = -46. Let o = r + -16. List the prime factors of o.
2, 7
Suppose -4*g - 5*x = -45, 3*x - x - 69 = -5*g. List the prime factors of g.
3, 5
List the prime factors of (9/(-2))/((-3)/30).
3, 5
Let d = -1 - -9. What are the prime factors of d?
2
Suppose -4*v = -6*v. Let a(x) = x**2 - x + 10 - 2 - 2*x**2. What are the prime factors of a(v)?
2
Suppose -4*m + 0*z + 22 = 2*z, 2*z - 7 = m. Suppose -o + 1 + 11 = -m*f, 0 = -3*f + 3. List the prime factors of o.
3, 5
Suppose 6*n - n - 65 = 0. What are the prime factors of 197/n + (-6)/39?
3, 5
Let g = 309 - 171. List the prime factors of g.
2, 3, 23
Let c(q) = q**2 - 16*q + 19. List the prime factors of c(15).
2
Let h = 8 + -12. Let v(b) = b + 4. Let p be v(h). Let j(s) = -s**2 - s + 8. What are the prime factors of j(p)?
2
Let w = 18 - 2. What are the prime factors of w?
2
Let b be (-369)/(-4) + (-15)/60. Let v = b - 55. List the prime factors of v.
37
Suppose 2*n + n = 258. What are the prime factors of n?
2, 43
Suppose 0*c + 4*c = 5*m + 5, -1 = 4*c + m. Suppose 4*p - 112 = -c*p. What are the prime factors of p?
2, 7
Suppose f - 591 = -2*f - 2*r, -4*f + 788 = 5*r. What are the prime factors of f?
197
Let r = 1 + -4. What are the prime factors of 93*(-1)/r + -3?
2, 7
Suppose -l = -3*l - 20. Let a = 16 + l. Let t = -4 + a. List the prime factors of t.
2
Let d = -2 - 1. Suppose p + 4*y = 25, -y - 4*y + 11 = -p. Let x = p + d. What are the prime factors of x?
2, 3
Suppose -3*y = 4*u + 32, -u - 2*y - 3*y - 8 = 0. Let v be ((-16)/(-6))/(u/(-12)). Suppose v*w - 14 = 18. List the prime factors of w.
2
Suppose 6*l = 2*l. Suppose -4*i + i = 6, 3*y + 4*i - 31 = l. What are the prime factors of y?
13
Suppose -220 + 22 = -6*a. List the prime factors of a.
3, 11
Let i(l) be the third derivative of l**6/360 - 7*l**5/120 + l**4/8 + 2*l**2. Let h(d) be the second derivative of i(d). List the prime factors of h(8).
3
Suppose z = 4*i - 3*z - 32, 3*i - z = 24. Let o = i - -14. List the prime factors of o.
2, 11
Let m(g) = 8*g**2 + 2*g - 1. What are the prime factors of m(2)?
5, 7
Let z(p) = -p**3 + 2*p**2 + 10*p - 5. Let f be z(4). What are the prime factors of 6/(-9) + 158/f?
2, 13
Wha